ainder when j is divided by 2?
0
Suppose -2*c - 5*a = -25, 2*c + 0*c = 4*a - 2. Suppose -c*y + 2*i + 345 = i, 0 = -4*i. What is the remainder when y is divided by 14?
13
Let i be 10/2 - ((3 - -4) + -5). Suppose -2*k - 3*c = 0, 4*k + i*c = k + 3. Calculate the remainder when 17 is divided by k.
2
Suppose 3*t + v - 5*v - 80 = 0, -2*v = -t + 28. Calculate the remainder when 670 is divided by t.
22
Let w = -20 - -22. Let x be 123/5 - (-4)/10. Suppose w*o + 49 = 4*g - x, 4*o - 32 = -2*g. Calculate the remainder when 35 is divided by g.
17
Suppose 1410 = 8*j - 3*j. Suppose 216 = 4*n + 3*b, -5*n - b + j - 12 = 0. Calculate the remainder when n is divided by 14.
12
Let c = 16 - 32. Let g = 19 + c. What is the remainder when ((-18)/2)/(-1 - 0) is divided by g?
0
Suppose -2*z - 5 = 2*t - 61, 4*z = -3*t + 113. Let b(c) = -49*c - 4. What is the remainder when b(-3) is divided by z?
27
Let t(f) = -f - 1. Let c(l) = 17*l - 5. Let y(w) = -c(w) - t(w). What is the remainder when y(-2) is divided by 4?
2
Let x(t) = -t**2 + 2*t + 6. Let z be x(4). Let l(h) = -h**3 - h**2 - 4*h - 3. Calculate the remainder when 58 is divided by l(z).
4
Let b(k) be the second derivative of -k**3/6 - k**2 - 2*k. Calculate the remainder when 12 is divided by b(-7).
2
Suppose -2*v + 11 - 3 = 0. Suppose 0 = v*d - 108 + 16. Calculate the remainder when 44 is divided by d.
21
Let k be 12/(-24) - (-19)/2. Let q(b) = -b**2 + 7*b + 18. Let c be q(k). Suppose -6*i + 7*i - 6 = c. Calculate the remainder when 10 is divided by i.
4
Let a(q) = 9*q - 16. What is the remainder when 144 is divided by a(5)?
28
Let d = -264 + 269. What is the remainder when 49 is divided by d?
4
Let k(s) = 2*s**2 + 2*s - 12. Let v be k(-6). Suppose -36*f = -33*f - v. What is the remainder when 28 is divided by f?
12
Suppose 5*c - 65 = 5*b, 8 + 0 = 4*c. Let w = -8 - b. Suppose 4*q - 24 = -w*d, -q + 2*q = 4*d - 32. What is the remainder when d is divided by 3?
2
Calculate the remainder when 29 is divided by (-1)/2*-34 + -2 + -1.
1
Let c = 72 + -154. Let a = -63 - c. Calculate the remainder when 69 is divided by a.
12
Suppose -5*z = -5*p + 515, 0 = -5*p + p + 2*z + 406. Calculate the remainder when p is divided by 29.
13
Suppose -2*y = 61 - 11. Let w = y - -25. Suppose w = k - z - 9, 4*z - 6 = 3*k - 35. Calculate the remainder when 34 is divided by k.
6
Let l(x) = x**3 - 12*x**2 - 26*x - 22. Let j = 55 - 16. What is the remainder when j is divided by l(14)?
3
Calculate the remainder when 283 is divided by ((-1)/(-4))/(1/76).
17
Let j(m) = -m + 4. Let l be j(7). Let x(s) = -s**3 + 3*s**2 + s + 3. Calculate the remainder when (-16)/12 - 37/l is divided by x(3).
5
Let w = -166 - -172. What is the remainder when 8 is divided by w?
2
Let q = -1709 - -1978. What is the remainder when q is divided by 16?
13
Let w(y) be the third derivative of 0 + 0*y - 1/24*y**4 - 5*y**2 + 1/60*y**5 + 13/3*y**3. What is the remainder when 102 is divided by w(0)?
24
Let q(t) = 2*t**3 + 28*t**2 + 11. Calculate the remainder when 44 is divided by q(-14).
0
Suppose -4*s + 7*s + 84 = -h, 0 = -4*h. Let a = 962 + -985. Let f = a - s. Calculate the remainder when 13 is divided by f.
3
Let c be (0/1)/(-1 - -2). Let f be 1/(-3)*(0 - c). Suppose f = 3*b - 47 - 76. Calculate the remainder when b is divided by 14.
13
Let x(y) = 8*y - 3. Let p(t) = 9*t - 4. Let a(v) = -3*p(v) + 4*x(v). Let k be a(-2). What is the remainder when 5 is divided by 13/5 - 4/k?
2
Let v = -23 + 76. Calculate the remainder when 155 is divided by v.
49
Suppose 18 = 7*b + 2*b. Suppose b*s - 114 = -5*x, 4*x = 5*s + 146 - 35. What is the remainder when x is divided by 5?
4
Let r(n) = -4*n. Let h be r(1). Suppose -2*o + 19 = 3*y, -4*o + 33 = 5*y - 0*o. Calculate the remainder when ((-17)/h)/((-2)/(-8)) is divided by y.
2
Let i(g) = -511*g**3 + g**2 - g - 2. What is the remainder when i(-1) is divided by 27?
25
Let w = -79 + 91. Let n = -174 + 179. Calculate the remainder when w is divided by n.
2
Let s(q) = 3*q**2 - 6*q - 12. Calculate the remainder when 128 is divided by s(4).
8
Let q(u) = 2*u**2 - 2*u - 19. Let b be q(8). Let d = -58 + b. What is the remainder when d is divided by 18?
17
Let b be 4 + 6/(-3) + 21. Suppose b = -0*q + 5*q + 2*n, -19 = -3*q + 4*n. Suppose q*k - 227 = -22. Calculate the remainder when k is divided by 15.
11
Suppose -3*j - 12 = k - 14, -k + 30 = -4*j. What is the remainder when 138 is divided by k?
12
Let t = 1027 - 323. What is the remainder when t is divided by 71?
65
Suppose 5*l - 73 = -28. Suppose 31*x - 30*x = l. What is the remainder when 20 is divided by x?
2
Suppose -10*n - 889 = -1229. Calculate the remainder when 112 is divided by n.
10
Suppose -16*t + 20*t + 64 = 0. Let q be 9/4 - (-4)/t. Suppose -5*a + 4*s + 20 = -a, q*a + 3*s - 20 = 0. What is the remainder when a is divided by 5?
2
Let h = -94 - -102. Calculate the remainder when 54 is divided by h.
6
Suppose -842*y + 448 = -835*y. What is the remainder when 64 is divided by y?
0
Suppose 4*n + 2 = 6. Suppose -4*t = -2*t + 2*o - 24, o - n = 0. What is the remainder when (-42)/4*(-4)/2 is divided by t?
10
Let k be ((-25)/20)/(1/(-4)). Let o = 40 - k. Let g = -218 + 230. Calculate the remainder when o is divided by g.
11
Let m = -217 + 338. Let w = 2645 - 2604. Calculate the remainder when m is divided by w.
39
Let q = 17 + 53. Suppose 3*k = 4*h + 84, -4*k - 6*h + 102 = -8*h. What is the remainder when q is divided by k?
22
Suppose -3*h + 44 = -5*t, t - 4*h = -t - 26. What is the remainder when 64 is divided by ((-21)/t)/(1/11)?
31
Let b(a) = 26*a + 46. What is the remainder when 97 is divided by b(0)?
5
Let j = -1 - -6. Suppose 3*o = o - 68. Let c = o + 47. Calculate the remainder when c is divided by j.
3
Let g(l) = -1 + 0*l - 3*l + l - 10*l. Let d be g(6). Let p = -39 - d. What is the remainder when p is divided by 7?
6
Let m be 1 + 1 - 5/(-5). Suppose -229 = -m*y + 89. Suppose -4*z = -5*l + 21 + y, 5*z = -15. What is the remainder when l is divided by 14?
9
Let l(t) = 12*t**3 - 2*t**2 + 1. Suppose -2*k = -6 + 14, -4*i - 5*k + 104 = 0. What is the remainder when i is divided by l(1)?
9
Let z(s) = s**2 + 4*s - 10. Let w = -57 + 119. Calculate the remainder when w is divided by z(-7).
7
Let d = -317 + 951. What is the remainder when d is divided by 13?
10
Suppose 26 = -0*b + 2*b. Let f be (-2)/3*1272/(-16). Let d = -16 + f. Calculate the remainder when d is divided by b.
11
Suppose 3*k + 3*k = -150. Let m = k - -47. Let l = 261 + -175. Calculate the remainder when l is divided by m.
20
Suppose 10 = 3*y + 2*y. Suppose 2*x - 3*f - 1 = 89, 4*x = -y*f + 148. What is the remainder when x is divided by (1 + -17)*123/(-246)?
7
Let c(l) = l**3 - 3*l**2 - 9*l + 15. What is the remainder when c(6) is divided by 19?
12
Let r(b) = -9*b + 76. Calculate the remainder when 136 is divided by r(8).
0
Suppose -w - 4*r + 17 = 0, 13*w + 2*r + 32 = 17*w. What is the remainder when 25 is divided by w?
7
Suppose 4*o - o - 15 = 0. Let s = -5 + 15. Suppose 3*h + 2*t - 13 = 0, -9 - s = -5*h - 2*t. What is the remainder when o is divided by h?
2
What is the remainder when 223 is divided by ((-156)/42 - -6)/(3/21)?
15
Suppose -a - 65 = -2*o, 5*o - 325 = 5*a - 0*a. Let r = -59 - a. Calculate the remainder when 14 is divided by r.
2
Suppose -2*w = -4*w + 238. Calculate the remainder when w is divided by 1/(-7) + 1962/63 + -1.
29
What is the remainder when 58 is divided by (-4)/(-42)*-18*7/(-1)?
10
Suppose 0 = 8*d + 68 + 44. Let c(u) = -u**2 - 13*u + 48. What is the remainder when 134 is divided by c(d)?
32
Let a(z) = -2*z**2 - 67*z - 468. Suppose 0 = -2*l - u + 190 + 49, 3*u - 3 = 0. Calculate the remainder when l is divided by a(-23).
14
Suppose -4*v - 4 = 0, -12 = -f - 3*v + 13. What is the remainder when 137 is divided by f?
25
Let p(u) = u**2 + 14*u + 13. Let m be p(-12). Let j = -36 - m. What is the remainder when j/10*(-88)/10 is divided by 5?
2
Let c be 4320/(-165) + 2/11. Let j = c + 40. Calculate the remainder when 41 is divided by j.
13
Let i(k) = -4*k + 4. Let y be i(0). Let w = 14 + 4. What is the remainder when (y + -5)*-1 - -69 is divided by w?
16
Suppose 4*c - 8 = 4*q, 5*c - 4*c = -q + 6. Suppose -x + f + f = 0, -c*f = -4. What is the remainder when 8 is divided by x?
0
Let z = -15 + 23. Let d(l) = 2*l*